{"id":18,"date":"2022-12-22T12:33:56","date_gmt":"2022-12-22T12:33:56","guid":{"rendered":"https:\/\/podwojneskrzydla.org\/?page_id=18"},"modified":"2022-12-22T12:33:56","modified_gmt":"2022-12-22T12:33:56","slug":"statut","status":"publish","type":"page","link":"https:\/\/podwojneskrzydla.org\/index.php\/statut\/","title":{"rendered":"Statut"},"content":{"rendered":"\n<p>Statut Stowarzyszenia Podw\u00f3jne Skrzyd\u0142\u0105<\/p>\n\n\n\n<p><strong>Statut Stowarzyszenia Podw\u00f3jne Skrzyd\u0142a<\/strong><\/p>\n\n\n\n<p><strong>Rozdzia\u0142 I. Postanowienia og\u00f3lne<\/strong><\/p>\n\n\n\n<p class=\"has-text-align-center\"><strong>\u00a7 1<\/strong><\/p>\n\n\n\n<p>1. Stowarzyszenie Podw\u00f3jne Skrzyd\u0142a, zwane dalej Stowarzyszeniem, dzia\u0142a na podstawie Ustawy Prawo o stowarzyszeniach oraz postanowie\u0144 niniejszego statutu.<\/p>\n\n\n\n<p class=\"has-text-align-center\"><strong>\u00a7 2<\/strong><\/p>\n\n\n\n<p>Siedzib\u0105 Stowarzyszenia jest miasto Warszawa.<\/p>\n\n\n\n<p class=\"has-text-align-center\"><strong>\u00a7 3<\/strong><\/p>\n\n\n\n<p>1. Terenem dzia\u0142ania<strong> <\/strong>Stowarzyszenia jest obszar Rzeczpospolitej Polskiej ze szczeg\u00f3lnym uwzgl\u0119dnieniem Warszawy i wojew\u00f3dztwa mazowieckiego.<\/p>\n\n\n\n<p>2. Dla realizacji cel\u00f3w statutowych stowarzyszenie mo\u017ce prowadzi\u0107 dzia\u0142ania poza granicami kraju na terenie innych pa\u0144stw, z poszanowaniem tamtejszego prawa.<\/p>\n\n\n\n<p><strong>\u00a7 4<\/strong><\/p>\n\n\n\n<ol class=\"wp-block-list\">\n<li>Stowarzyszenie posiada osobowo\u015b\u0107 prawn\u0105. Powo\u0142ane jest na czas nieokre\u015blony.<\/li>\n\n\n\n<li>Stowarzyszenie jest zarejestrowane w Krajowym Rejestrze S\u0105dowym, dzia\u0142a na podstawie obowi\u0105zuj\u0105cego prawa o stowarzyszeniach, ustawy o dzia\u0142alno\u015bci po\u017cytku publicznego i o wolontariacie oraz niniejszego Statutu.<\/li>\n<\/ol>\n\n\n\n<p class=\"has-text-align-center\"><strong>\u00a7 5<\/strong><\/p>\n\n\n\n<p>Stowarzyszenie wsp\u00f3\u0142pracuje z krajowymi, zagranicznymi i mi\u0119dzynarodowymi organizacjami pozarz\u0105dowymi i innymi instytucjami. Mo\u017ce pozostawa\u0107 cz\u0142onkiem tych organizacji na zasadach pe\u0142nej autonomii.<\/p>\n\n\n\n<p class=\"has-text-align-center\"><strong>\u00a7 6<\/strong><\/p>\n\n\n\n<p>Stowarzyszenie opiera swoj\u0105 dzia\u0142alno\u015b\u0107 na pracy spo\u0142ecznej cz\u0142onk\u00f3w. Do prowadzenia swoich dzia\u0142a\u0144 mo\u017ce zatrudnia\u0107 pracownik\u00f3w oraz powo\u0142ywa\u0107 biura.<\/p>\n\n\n\n<p><strong>Rozdzia\u0142 II. Cele i sposoby ich realizacji<\/strong><\/p>\n\n\n\n<p class=\"has-text-align-center\"><strong>\u00a7 7<\/strong><\/p>\n\n\n\n<p>Stowarzyszenie jest organizacj\u0105 o charakterze spo\u0142eczno-edukacyjnym i wychowawczym, kt\u00f3rego celem jest prowadzenie dzia\u0142alno\u015bci spo\u0142eczno-kulturalnej, charytatywno-opieku\u0144czej i o\u015bwiatowo-wychowawczej, na rzecz dzieci, m\u0142odzie\u017cy i doros\u0142ych.<\/p>\n\n\n\n<p><strong>\u00a7 8<\/strong><\/p>\n\n\n\n<p>Stowarzyszenie realizuje swoje cele poprzez:<\/p>\n\n\n\n<p>1) dzia\u0142ania na rzecz rozwoju oraz promocji nauki, edukacji, o\u015bwiaty i wychowania;<\/p>\n\n\n\n<p>2) dzia\u0142alno\u015b\u0107 zwi\u0105zan\u0105 z upowszechnianiem kultury i sztuki oraz ochron\u0105 d\u00f3br kultury i tradycji;<\/p>\n\n\n\n<p>3) pomoc spo\u0142eczn\u0105, w tym pomoc rodzinom i osobom w trudnej sytuacji \u017cyciowej oraz wyr\u00f3wnywanie szans tych os\u00f3b i rodzin;<\/p>\n\n\n\n<p>4) dzia\u0142alno\u015b\u0107 charytatywn\u0105;<\/p>\n\n\n\n<p>5) niesienie pomocy socjalnej, terapeutycznej, rehabilitacyjnej, materialnej osobom ubogim, bezdomnym, niepe\u0142nosprawnym, chorym, w szczeg\u00f3lno\u015bci dzieciom i m\u0142odzie\u017cy;<\/p>\n\n\n\n<p>6) wspieranie proces\u00f3w rozwojowych i integracyjnych w spo\u0142eczno\u015bciach lokalnych, Polski, kraj\u00f3w UE i \u015bwiata;<\/p>\n\n\n\n<p>7) podtrzymywanie tradycji narodowej, piel\u0119gnowanie polsko\u015bci oraz rozwoju \u015bwiadomo\u015bci narodowej, obywatelskiej i kulturowej;<\/p>\n\n\n\n<p>8) poznawanie przyrody i zagadnie\u0144 ekologicznych, propagowanie postaw proekologicznych w \u015brodowisku oraz ochron\u0119 dziedzictwa przyrodniczego;<\/p>\n\n\n\n<p>9) dzia\u0142ania na rzecz integracji europejskiej oraz rozwijanie kontakt\u00f3w i wsp\u00f3\u0142pracy mi\u0119dzy spo\u0142ecze\u0144stwami;<\/p>\n\n\n\n<p>10) promocj\u0119 i organizacj\u0119 wolontariatu;<\/p>\n\n\n\n<p>11)&nbsp; wspieranie rozwoju spo\u0142ecze\u0144stwa obywatelskiego;<\/p>\n\n\n\n<p>12) dzia\u0142anie na rzecz porz\u0105dku i bezpiecze\u0144stwa publicznego oraz przeciwdzia\u0142ania patologiom spo\u0142ecznym;<\/p>\n\n\n\n<p>13) organizowanie warsztat\u00f3w tw\u00f3rczych dla dzieci, m\u0142odzie\u017cy i doros\u0142ych, szczeg\u00f3lnie zaj\u0119\u0107 plastycznych, muzycznych, teatralnych oraz filmowych,&nbsp;<\/p>\n\n\n\n<p>14) propagowanie i organizowanie wymiany mi\u0119dzykulturowej w szczeg\u00f3lno\u015bci poprzez organizacj\u0119 wyjazd\u00f3w, warsztat\u00f3w, prelekcji,<\/p>\n\n\n\n<p>15) organizowanie konferencji, seminari\u00f3w, szkole\u0144 i wyk\u0142ad\u00f3w,<\/p>\n\n\n\n<p>16) organizowanie imprez kulturalnych,<\/p>\n\n\n\n<p>17) dzia\u0142alno\u015b\u0107 wydawnicz\u0105<\/p>\n\n\n\n<p>18) wsp\u00f3\u0142prac\u0119 z organizacjami pozarz\u0105dowymi, instytucjami wspieraj\u0105cymi ich rozw\u00f3j, a tak\u017ce organami administracji pa\u0144stwowej i samorz\u0105dowej.<\/p>\n\n\n\n<p><strong>Rozdzia\u0142 III. Cz\u0142onkowie Stowarzyszenia<\/strong><\/p>\n\n\n\n<p><strong>\u00a7 9<\/strong><\/p>\n\n\n\n<ol class=\"wp-block-list\">\n<li>Cz\u0142onkami Stowarzyszenia mog\u0105 by\u0107 osoby fizyczne i prawne. Osoba prawna mo\u017ce by\u0107 jedynie cz\u0142onkiem wspieraj\u0105cym Stowarzyszenia.<\/li>\n\n\n\n<li>Stowarzyszenie posiada cz\u0142onk\u00f3w:<br>a) zwyczajnych,<br>b) wspieraj\u0105cych,<br>c) honorowych<\/li>\n<\/ol>\n\n\n\n<p><strong>\u00a7 10<\/strong><\/p>\n\n\n\n<p>1. Cz\u0142onkiem zwyczajnym Stowarzyszenia mo\u017ce by\u0107 ka\u017cda osoba fizyczna, kt\u00f3ra z\u0142o\u017cy pisemn\u0105 deklaracj\u0119 i rekomendacj\u0119 dw\u00f3ch cz\u0142onk\u00f3w Stowarzyszenia.<\/p>\n\n\n\n<p>2. Przyj\u0119cia nowych cz\u0142onk\u00f3w dokonuje Zarz\u0105d uchwa\u0142\u0105 podj\u0119t\u0105 nie p\u00f3\u017aniej ni\u017c w ci\u0105gu dw\u00f3ch miesi\u0119cy od daty z\u0142o\u017cenia deklaracji.&nbsp;<\/p>\n\n\n\n<p><strong>\u00a7 11<\/strong><\/p>\n\n\n\n<p>1. Cz\u0142onkiem wspieraj\u0105cym Stowarzyszenia mo\u017ce zosta\u0107 osoba fizyczna i prawna, kt\u00f3ra zadeklaruje na pi\u015bmie pomoc finansow\u0105, rzeczow\u0105 lub merytoryczn\u0105 w realizacji cel\u00f3w Stowarzyszenia.<\/p>\n\n\n\n<p>2. . Cz\u0142onkiem wspieraj\u0105cym zostaje si\u0119 na podstawie uchwa\u0142y Zarz\u0105du podj\u0119tej nie p\u00f3\u017aniej ni\u017c w ci\u0105gu dw\u00f3ch miesi\u0119cy od daty z\u0142o\u017cenia pisemnej deklaracji&nbsp;<\/p>\n\n\n\n<p><strong>\u00a7 12<\/strong><\/p>\n\n\n\n<p>1. Cz\u0142onkiem honorowym Stowarzyszenia mo\u017ce by\u0107 osoba fizyczna, kt\u00f3ra wnios\u0142a wybitny wk\u0142ad w dzia\u0142alno\u015b\u0107 i rozw\u00f3j Stowarzyszenia.<\/p>\n\n\n\n<p>2. Cz\u0142onkiem honorowym staje si\u0119 po przyj\u0119ciu uchwa\u0142y przez Walne Zebranie na wniosek Zarz\u0105du albo co najmniej 5 cz\u0142onk\u00f3w Stowarzyszenia.<\/p>\n\n\n\n<p><strong>\u00a7 13<\/strong><\/p>\n\n\n\n<p>Cz\u0142onkowie zwyczajni maj\u0105 prawo do:<\/p>\n\n\n\n<ol class=\"wp-block-list\">\n<li>biernego i czynnego uczestniczenia w wyborach do w\u0142adz Stowarzyszenia,<\/li>\n\n\n\n<li>korzystania z dorobku i wszelkich form dzia\u0142alno\u015bci Stowarzyszenia,<\/li>\n\n\n\n<li>udzia\u0142u w zebraniach, wyk\u0142adach oraz imprezach organizowanych przez Stowarzyszenie,<\/li>\n\n\n\n<li>zg\u0142aszania wniosk\u00f3w co do dzia\u0142alno\u015bci Stowarzyszenia.<\/li>\n<\/ol>\n\n\n\n<p><strong>\u00a7 14<\/strong><\/p>\n\n\n\n<p>Cz\u0142onkowie zwyczajni maj\u0105 obowi\u0105zek:&nbsp;<\/p>\n\n\n\n<ol class=\"wp-block-list\">\n<li>brania udzia\u0142u w dzia\u0142alno\u015bci Stowarzyszenia i w realizacji jego cel\u00f3w,<\/li>\n\n\n\n<li>uczestniczenia w walnych zebraniach cz\u0142onk\u00f3w,<\/li>\n\n\n\n<li>przestrzegania statutu i uchwa\u0142 w\u0142adz Stowarzyszenia,<\/li>\n\n\n\n<li>regularnego op\u0142acania sk\u0142adek.<\/li>\n<\/ol>\n\n\n\n<p><strong>\u00a7 15<\/strong><\/p>\n\n\n\n<p>1. Cz\u0142onkowie wspieraj\u0105cy i honorowi nie posiadaj\u0105 biernego oraz czynnego prawa wyborczego, mog\u0105 jednak bra\u0107 udzia\u0142 z g\u0142osem doradczym w statutowych w\u0142adzach Stowarzyszenia, poza tym posiadaj\u0105 takie prawa jak cz\u0142onkowie zwyczajni.&nbsp;<\/p>\n\n\n\n<p>2. Cz\u0142onek wspieraj\u0105cy ma obowi\u0105zek wywi\u0105zywania si\u0119 z zadeklarowanych \u015bwiadcze\u0144, przestrzegania statutu oraz uchwa\u0142 w\u0142adz Stowarzyszenia.<\/p>\n\n\n\n<p>3. Cz\u0142onkowie honorowi s\u0105 zobowi\u0105zani do przestrzegania statutu oraz uchwa\u0142 w\u0142adz Stowarzyszenia. S\u0105 zwolnieni ze sk\u0142adek cz\u0142onkowskich.<\/p>\n\n\n\n<p><strong>\u00a7 16<\/strong><\/p>\n\n\n\n<p>1. Cz\u0142onkostwo w Stowarzyszeniu ustaje na skutek:<\/p>\n\n\n\n<p>a. dobrowolnej rezygnacji pisemnej z przynale\u017cno\u015bci do Stowarzyszenia z\u0142o\u017conej na r\u0119ce Zarz\u0105du,<\/p>\n\n\n\n<p>b. \u015bmierci cz\u0142onka lub utraty osobowo\u015bci prawnej przez cz\u0142onka wspieraj\u0105cego,<\/p>\n\n\n\n<p>c. utraty praw obywatelskich na mocy prawomocnego wyroku s\u0105du,<\/p>\n\n\n\n<p>d. wykluczenia przez Zarz\u0105d:&nbsp;<\/p>\n\n\n\n<ul class=\"wp-block-list\">\n<li>z powodu nieusprawiedliwionego zalegania z op\u0142at\u0105 sk\u0142adek cz\u0142onkowskich przez p\u00f3\u0142 roku,<\/li>\n\n\n\n<li>z powodu ra\u017c\u0105cego naruszenia zasad statutowych, nieprzestrzegania postanowie\u0144 i uchwa\u0142 w\u0142adz Stowarzyszenia,<\/li>\n\n\n\n<li>ze wzgl\u0119du na brak przejaw\u00f3w aktywnej dzia\u0142alno\u015bci na rzecz Stowarzyszenia przez p\u00f3\u0142 roku.<\/li>\n<\/ul>\n\n\n\n<p>2. Od uchwa\u0142y Zarz\u0105du w sprawie pozbawienia cz\u0142onkostwa w Stowarzyszeniu przys\u0142uguje odwo\u0142anie do Walnego Zebrania Cz\u0142onk\u00f3w w terminie 14 dni od daty dor\u0119czenia stosownej uchwa\u0142y. Odwo\u0142anie jest rozpatrywane na najbli\u017cszym Walnym Zebraniu Cz\u0142onk\u00f3w. Uchwa\u0142a Walnego Zebrania jest ostateczna.<\/p>\n\n\n\n<p><strong>Rozdzia\u0142 IV. W\u0142adze Stowarzyszenia<\/strong><\/p>\n\n\n\n<p><strong>\u00a7 17<\/strong><\/p>\n\n\n\n<p>W\u0142adzami Stowarzyszenia s\u0105:&nbsp;<\/p>\n\n\n\n<p>a. Walne Zebranie Cz\u0142onk\u00f3w,&nbsp;<\/p>\n\n\n\n<p>b. Zarz\u0105d,&nbsp;<\/p>\n\n\n\n<p>c. Komisja Rewizyjna.&nbsp;<\/p>\n\n\n\n<p><strong>\u00a7 18<\/strong><\/p>\n\n\n\n<p>1. W\u0142adze Stowarzyszenia wybierane s\u0105 przez Walne Zebranie Cz\u0142onk\u00f3w w g\u0142osowaniu jawnym zwyk\u0142\u0105 wi\u0119kszo\u015bci\u0105 g\u0142os\u00f3w. Walne Zebranie mo\u017ce zdecydowa\u0107 o przeprowadzeniu g\u0142osowania tajnego.<\/p>\n\n\n\n<p>2. W razie, gdy sk\u0142ad w\u0142adz Stowarzyszenia ulegnie zmniejszeniu w czasie trwania kadencji, uzupe\u0142nienie ich sk\u0142adu mo\u017ce nast\u0105pi\u0107 w drodze kooptacji, kt\u00f3rej dokonuj\u0105 pozostali cz\u0142onkowie organu, kt\u00f3ry uleg\u0142 zmniejszeniu. W trybie tym mo\u017cna powo\u0142a\u0107 nie wi\u0119cej ni\u017c po\u0142ow\u0119 sk\u0142adu organu.<\/p>\n\n\n\n<p><strong>\u00a7 19<\/strong><\/p>\n\n\n\n<p>Uchwa\u0142y wszystkich w\u0142adz Stowarzyszenia zapadaj\u0105 w g\u0142osowaniu jawnym zwyk\u0142\u0105 wi\u0119kszo\u015bci\u0105 g\u0142os\u00f3w, przy obecno\u015bci co najmniej po\u0142owy cz\u0142onk\u00f3w uprawnionych do g\u0142osowania w pierwszym terminie, w drugim terminie bez wzgl\u0119du na liczb\u0119 obecnych cz\u0142onk\u00f3w, chyba, \u017ce dalsze postanowienia statutu stanowi\u0105 inaczej.<\/p>\n\n\n\n<p><strong>\u00a7 20<\/strong><\/p>\n\n\n\n<p>Kadencja wszystkich wybieralnych w\u0142adz Stowarzyszenia trwa 5 lat.<\/p>\n\n\n\n<p><strong>Walne Zebranie Cz\u0142onk\u00f3w<\/strong><\/p>\n\n\n\n<p><strong>\u00a7 21<\/strong><\/p>\n\n\n\n<p>1. Najwy\u017csz\u0105 w\u0142adz\u0105 Stowarzyszenia jest Walne Zebranie Cz\u0142onk\u00f3w.&nbsp;<\/p>\n\n\n\n<p>2. Walne Zebranie mo\u017ce by\u0107 zwyczajne i nadzwyczajne.<\/p>\n\n\n\n<p>3. Zwyczajne Walne Zebrania zwo\u0142uje Zarz\u0105d raz w roku, jako sprawozdawcze, i co pi\u0119\u0107 lat, jako sprawozdawczo-wyborcze, zawiadamiaj\u0105c cz\u0142onk\u00f3w o jego terminie, miejscu i proponowanym porz\u0105dku obrad co najmniej na 14 dni przed terminem Walnego Zebrania. Je\u015bli na zebraniu nie ma wymaganego kworum, zwo\u0142uje si\u0119 zebranie w drugim terminie nie p\u00f3\u017aniej ni\u017c w ci\u0105gu miesi\u0105ca od dnia zwo\u0142ania Walnego Zebrania Cz\u0142onk\u00f3w.<\/p>\n\n\n\n<p>4.. Nadzwyczajne Walne Zebranie zwo\u0142uje Zarz\u0105d:<\/p>\n\n\n\n<p>a. z w\u0142asnej inicjatywy,<\/p>\n\n\n\n<p>b. na \u017c\u0105danie cz\u0142onk\u00f3w Komisji Rewizyjnej,<\/p>\n\n\n\n<p>c. na pisemny wniosek co najmniej 1\/3 og\u00f3lnej liczby cz\u0142onk\u00f3w zwyczajnych Stowarzyszenia.<\/p>\n\n\n\n<p>5. Nadzwyczajne Walne Zebranie mo\u017ce te\u017c zwo\u0142a\u0107 Komisja Rewizyjna w przypadku bezczynno\u015bci Zarz\u0105du.<\/p>\n\n\n\n<p>6. Nadzwyczajne Walne Zebranie powinno zosta\u0107 zwo\u0142ane przed up\u0142ywem 21 dni od daty zg\u0142oszenia wniosku lub \u017c\u0105dania i obradowa\u0107 nad sprawami, dla kt\u00f3rych zosta\u0142o zwo\u0142ane<\/p>\n\n\n\n<p><strong>\u00a7 22<\/strong><\/p>\n\n\n\n<p>Do kompetencji Walnego Zebrania nale\u017cy:&nbsp;<\/p>\n\n\n\n<ol class=\"wp-block-list\">\n<li>okre\u015blenie g\u0142\u00f3wnych kierunk\u00f3w dzia\u0142ania i rozwoju Stowarzyszenia,&nbsp;<\/li>\n\n\n\n<li>uchwalanie zmian statutu,<\/li>\n\n\n\n<li>wyb\u00f3r i odwo\u0142ywanie wszystkich w\u0142adz Stowarzyszenia,<\/li>\n\n\n\n<li>udzielanie Zarz\u0105dowi absolutorium na wniosek Komisji Rewizyjnej,&nbsp;<\/li>\n\n\n\n<li>rozpatrywanie i zatwierdzanie sprawozdania finansowego i merytorycznego oraz sprawozda\u0144&nbsp; w\u0142adz Stowarzyszenia,&nbsp;<\/li>\n\n\n\n<li>rozpatrywanie odwo\u0142a\u0144 od uchwa\u0142 Zarz\u0105du,&nbsp;<\/li>\n\n\n\n<li>podejmowanie uchwa\u0142y o rozwi\u0105zaniu Stowarzyszenia i przeznaczeniu jego maj\u0105tku,&nbsp;<\/li>\n\n\n\n<li>podejmowanie uchwa\u0142 w sprawie nadania cz\u0142onkostwa honorowego.<\/li>\n<\/ol>\n\n\n\n<p><strong>Zarz\u0105d&nbsp;<\/strong><\/p>\n\n\n\n<p><strong>\u00a7 23<\/strong><\/p>\n\n\n\n<p>1. Zarz\u0105d jest powo\u0142any do kierowania ca\u0142\u0105 dzia\u0142alno\u015bci\u0105 Stowarzyszenia zgodnie z uchwa\u0142ami Walnego Zebrania Cz\u0142onk\u00f3w, a tak\u017ce reprezentuje Stowarzyszenie na zewn\u0105trz.&nbsp;<\/p>\n\n\n\n<p>2. Zarz\u0105d sk\u0142ada si\u0119 z od 2 do 3 os\u00f3b,&nbsp; w tym prezesa wybieranego na pierwszym posiedzeniu zarz\u0105du.<\/p>\n\n\n\n<p>3. Cz\u0142onkowie zarz\u0105du mog\u0105 otrzymywa\u0107 wynagrodzenie za pe\u0142nione funkcje.<\/p>\n\n\n\n<p>4. Posiedzenia Zarz\u0105du odbywaj\u0105 si\u0119 w miar\u0119 potrzeb, nie rzadziej jednak ni\u017c raz na kwarta\u0142. Posiedzenia Zarz\u0105du zwo\u0142uje prezes.<\/p>\n\n\n\n<p><strong>\u00a7 24<\/strong><\/p>\n\n\n\n<p>Do kompetencji Zarz\u0105du nale\u017cy:<\/p>\n\n\n\n<p>a. kierowanie bie\u017c\u0105c\u0105 prac\u0105 Stowarzyszenia,<\/p>\n\n\n\n<p>a. realizowanie uchwa\u0142 Walnego Zebrania,<\/p>\n\n\n\n<p>c. zarz\u0105dzanie maj\u0105tkiem Stowarzyszenia,<\/p>\n\n\n\n<p>d. planowanie i prowadzenie gospodarki finansowej,<\/p>\n\n\n\n<p>e. reprezentowanie Stowarzyszenia na zewn\u0105trz i dzia\u0142anie w jego imieniu,<\/p>\n\n\n\n<p>f. przyjmowanie i wykluczanie cz\u0142onk\u00f3w Stowarzyszenia,<\/p>\n\n\n\n<p>g. zwo\u0142ywanie Walnego Zebrania,<\/p>\n\n\n\n<p>h. ustalanie wysoko\u015bci sk\u0142adek cz\u0142onkowskich.<\/p>\n\n\n\n<p><strong>Komisja Rewizyjna<\/strong><\/p>\n\n\n\n<p><strong>\u00a7 25<\/strong><\/p>\n\n\n\n<p>1. Komisja Rewizyjna powo\u0142ana jest do sprawowania kontroli nad dzia\u0142alno\u015bci\u0105 Stowarzyszenia.<\/p>\n\n\n\n<p>2. Komisja Rewizyjna sk\u0142ada si\u0119 od 2 do 3 os\u00f3b w tym przewodnicz\u0105cego wybieranego na pierwszym posiedzeniu komisji.<\/p>\n\n\n\n<p>3. Posiedzenia Komisji Rewizyjnej odbywaj\u0105 si\u0119 w miar\u0119 potrzeb, nie rzadziej jednak ni\u017c raz w roku. Posiedzenia Komisji zwo\u0142uje przewodnicz\u0105cy.<\/p>\n\n\n\n<p><strong>\u00a7 26<\/strong><\/p>\n\n\n\n<p>Do kompetencji Komisji Rewizyjnej nale\u017cy:<\/p>\n\n\n\n<p>a. kontrola ca\u0142okszta\u0142tu dzia\u0142alno\u015bci Stowarzyszenia,<\/p>\n\n\n\n<p>b. ocena pracy Zarz\u0105du, w tym corocznych sprawozda\u0144 i bilansu,<\/p>\n\n\n\n<p>c. sk\u0142adanie sprawozda\u0144 na Walnym Zebraniu Cz\u0142onk\u00f3w wraz z ocen\u0105 dzia\u0142alno\u015bci Stowarzyszenia i Zarz\u0105du Stowarzyszenia,<\/p>\n\n\n\n<p>d. wnioskowanie do Walnego Zebrania Cz\u0142onk\u00f3w o udzielanie absolutorium Zarz\u0105dowi,&nbsp;<\/p>\n\n\n\n<p>e. wnioskowanie o odwo\u0142anie ca\u0142ego Zarz\u0105du w razie jego bezczynno\u015bci lub bezczynnego cz\u0142onka Zarz\u0105du,<\/p>\n\n\n\n<p>f. wnioskowanie o zwo\u0142anie Nadzwyczajnego Walnego Zebrania Cz\u0142onk\u00f3w.<\/p>\n\n\n\n<p>g. zwo\u0142ywanie Walnego Zebrania Cz\u0142onk\u00f3w w razie nie zwo\u0142ania walnego zebrania cz\u0142onk\u00f3w przez zarz\u0105d w okre\u015blonym terminie<\/p>\n\n\n\n<p><strong>Rozdzia\u0142 V. Maj\u0105tek i gospodarka finansowa<\/strong><\/p>\n\n\n\n<p><strong>\u00a7 27<\/strong><\/p>\n\n\n\n<p>Na maj\u0105tek Stowarzyszenia sk\u0142adaj\u0105 si\u0119 nieruchomo\u015bci, ruchomo\u015bci, \u015brodki finansowe oraz wp\u0142ywy z w\u0142asnej dzia\u0142alno\u015bci gospodarczej prowadzonej zgodnie z wymogami przepis\u00f3w ustawy o swobodzie dzia\u0142alno\u015bci gospodarczej z wy\u0142\u0105czeniem dzia\u0142alno\u015bci wymagaj\u0105cej uzyskania koncesji.<\/p>\n\n\n\n<p><strong>\u00a7 28<\/strong><\/p>\n\n\n\n<p>1. Do realizacji swoich cel\u00f3w statutowych Stowarzyszenie mo\u017ce prowadzi\u0107 dzia\u0142alno\u015b\u0107 gospodarcz\u0105 wy\u0142\u0105cznie jako dodatkow\u0105 w stosunku do dzia\u0142alno\u015bci po\u017cytku publicznego, wed\u0142ug zasad okre\u015blonych w odr\u0119bnych przepisach.<\/p>\n\n\n\n<p>2. Nadwy\u017ck\u0119 przychod\u00f3w nad kosztami przeznacza si\u0119 na dzia\u0142alno\u015b\u0107 po\u017cytku publicznego.\u00a0<\/p>\n\n\n\n<p>3. Nie mo\u017cna prowadzi\u0107 dzia\u0142alno\u015bci gospodarczej i odp\u0142atnej dzia\u0142alno\u015bci po\u017cytku publicznego w odniesieniu do tego samego przedmiotu dzia\u0142alno\u015bci.<\/p>\n\n\n\n<p>4. Uchwa\u0142y o podj\u0119ciu dzia\u0142alno\u015bci gospodarczej, jej rodzaju i formie podejmuje Zarz\u0105d G\u0142\u00f3wny.<\/p>\n\n\n\n<p><strong>\u00a7 29<\/strong><\/p>\n\n\n\n<p>Stowarzyszenie mo\u017ce posiada\u0107 w formie wyodr\u0119bnionych zak\u0142ad\u00f3w w\u0142asne jednostki gospodarcze, uczestniczy\u0107 w dzia\u0142alno\u015bci innych podmiot\u00f3w gospodarczych zgodnie z obowi\u0105zuj\u0105cymi przepisami prawa.<\/p>\n\n\n\n<p><strong>\u00a7 30<\/strong><\/p>\n\n\n\n<p>Na dochody Stowarzyszenia sk\u0142adaj\u0105 si\u0119:<\/p>\n\n\n\n<p>\u2013 wp\u0142ywy ze sk\u0142adek cz\u0142onkowskich,<\/p>\n\n\n\n<p>\u2013 dotacje i subwencje,<\/p>\n\n\n\n<p>\u2013 zapisy i darowizny,<\/p>\n\n\n\n<p>\u2013 dochody z dzia\u0142alno\u015bci gospodarczej<\/p>\n\n\n\n<p><strong>Spos\u00f3b reprezentacji<\/strong><\/p>\n\n\n\n<p><strong>\u00a7 31<\/strong><\/p>\n\n\n\n<p>Do sk\u0142adania o\u015bwiadcze\u0144 woli w imieniu Stowarzyszenia, w tym w sprawach maj\u0105tkowych, uprawnionych jest dw\u00f3ch cz\u0142onk\u00f3w zarz\u0105du dzia\u0142aj\u0105cych \u0142\u0105cznie.<\/p>\n\n\n\n<p><strong>Rozdzia\u0142 VI. Postanowienia ko\u0144cowe<\/strong><\/p>\n\n\n\n<p><strong>\u00a7 32<\/strong><\/p>\n\n\n\n<p>Uchwa\u0142\u0119 w sprawie zmiany statutu Stowarzyszenia podejmuje Walne Zebranie Cz\u0142onk\u00f3w zwyk\u0142\u0105 wi\u0119kszo\u015bci\u0105 g\u0142os\u00f3w, przy obecno\u015bci przynajmniej po\u0142owy cz\u0142onk\u00f3w uprawnionych do g\u0142osowania.<\/p>\n\n\n\n<p><strong>\u00a7 33<\/strong><\/p>\n\n\n\n<p>1. Uchwa\u0142\u0119 o rozwi\u0105zaniu Stowarzyszenia podejmuje Walne Zebranie Cz\u0142onk\u00f3w zwyk\u0142\u0105 wi\u0119kszo\u015bci\u0105 g\u0142os\u00f3w przy obecno\u015bci co najmniej po\u0142owy cz\u0142onk\u00f3w uprawnionych do g\u0142osowania.<\/p>\n\n\n\n<p>2. Podejmuj\u0105c uchwa\u0142\u0119 o rozwi\u0105zaniu Stowarzyszenia, Walne Zebranie Cz\u0142onk\u00f3w wybiera likwidatora oraz okre\u015bla&nbsp; przeznaczenie maj\u0105tku Stowarzyszenia.<\/p>\n\n\n\n<p><\/p>\n\n\n\n<p><em>Statut przyj\u0119to uchwa\u0142\u0105 w dniu 08.10.2022<\/em><\/p>\n","protected":false},"excerpt":{"rendered":"<p>Statut Stowarzyszenia Podw\u00f3jne Skrzyd\u0142\u0105 Statut Stowarzyszenia Podw\u00f3jne Skrzyd\u0142a Rozdzia\u0142 I. Postanowienia og\u00f3lne \u00a7 1 1. Stowarzyszenie Podw\u00f3jne Skrzyd\u0142a, zwane dalej Stowarzyszeniem, dzia\u0142a na podstawie Ustawy Prawo o stowarzyszeniach oraz postanowie\u0144 niniejszego statutu. \u00a7 2 Siedzib\u0105 Stowarzyszenia jest miasto Warszawa. \u00a7 3 1. Terenem dzia\u0142ania Stowarzyszenia jest obszar Rzeczpospolitej Polskiej ze szczeg\u00f3lnym uwzgl\u0119dnieniem Warszawy i wojew\u00f3dztwa [&hellip;]<\/p>\n","protected":false},"author":1,"featured_media":0,"parent":0,"menu_order":0,"comment_status":"closed","ping_status":"closed","template":"","meta":{"footnotes":""},"class_list":["post-18","page","type-page","status-publish","hentry"],"_links":{"self":[{"href":"https:\/\/podwojneskrzydla.org\/index.php\/wp-json\/wp\/v2\/pages\/18","targetHints":{"allow":["GET"]}}],"collection":[{"href":"https:\/\/podwojneskrzydla.org\/index.php\/wp-json\/wp\/v2\/pages"}],"about":[{"href":"https:\/\/podwojneskrzydla.org\/index.php\/wp-json\/wp\/v2\/types\/page"}],"author":[{"embeddable":true,"href":"https:\/\/podwojneskrzydla.org\/index.php\/wp-json\/wp\/v2\/users\/1"}],"replies":[{"embeddable":true,"href":"https:\/\/podwojneskrzydla.org\/index.php\/wp-json\/wp\/v2\/comments?post=18"}],"version-history":[{"count":1,"href":"https:\/\/podwojneskrzydla.org\/index.php\/wp-json\/wp\/v2\/pages\/18\/revisions"}],"predecessor-version":[{"id":19,"href":"https:\/\/podwojneskrzydla.org\/index.php\/wp-json\/wp\/v2\/pages\/18\/revisions\/19"}],"wp:attachment":[{"href":"https:\/\/podwojneskrzydla.org\/index.php\/wp-json\/wp\/v2\/media?parent=18"}],"curies":[{"name":"wp","href":"https:\/\/api.w.org\/{rel}","templated":true}]}}