{"id":20,"date":"2022-12-22T12:42:06","date_gmt":"2022-12-22T12:42:06","guid":{"rendered":"https:\/\/podwojneskrzydla.org\/?page_id=20"},"modified":"2023-06-10T21:34:22","modified_gmt":"2023-06-10T21:34:22","slug":"pawel-zeitz","status":"publish","type":"page","link":"https:\/\/podwojneskrzydla.org\/index.php\/o-nas\/pawel-zeitz\/","title":{"rendered":"Pawe\u0142 Zeitz"},"content":{"rendered":"\n<p>Re\u017cyser i producent telewizyjny, tw\u00f3rca ponad 100 program\u00f3w, widowisk i film\u00f3w telewizyjnych. <\/p>\n\n\n\n<p>Nominowany do nagr\u00f3d na festiwalach telewizyjnych <em>Rose d&#8217;Or we Francji<\/em> i <em>BANFF w Kanadzie<\/em> oraz <em>Grand Prix VII, Festiwalu Dobrego Humoru<\/em> za program &#8222;<em>Co tu jest grane?<\/em>&#8221; z udzia\u0142em Waldemara Malickiego.<\/p>\n\n\n\n<p>Re\u017cyser koncert\u00f3w na <em>Festiwalu Piosenki Polskiej w Opolu<\/em> oraz <em>Mi\u0119dzynarodowym Festiwalu Piosenki w Sopocie<\/em>. <\/p>\n\n\n\n<p>W\u015br\u00f3d kilkudziesi\u0119ciu zrealizowanych form telewizyjnych dla TVP oraz POLSAT mo\u017cna wyr\u00f3\u017cni\u0107: &#8222;<em>Co tu jest grane<\/em>&#8222;, &#8222;<em>Kwadrat<\/em>&#8222;, &#8222;<em>Kontrowersje<\/em>&#8222;, &#8222;<em>Koncert Pami\u0119ci Czes\u0142awa Niemena<\/em>&#8222;, &#8222;<em>Piosenki Zjednoczonej Europy<\/em>&#8222;, &#8222;<em>\u015alubna Gor\u0105czka<\/em>&#8222;, &#8222;<em>Mecz gwiazd<\/em>&#8222;, &#8222;<em>Randka w ciemno<\/em>&#8222;, &#8222;<em>Otw\u00f3rz oczy<\/em>&#8222;.<\/p>\n\n\n\n<p>W ostatnich latach realizowa\u0142 projekty spo\u0142eczne i edukacyjne m.in.<br><em>Biela\u0144ska Telewizja M\u0142odych<\/em> &#8211; w ramach kt\u00f3rej odby\u0142 si\u0119 cykl szkole\u0144 z zakresu wykorzystania medi\u00f3w spo\u0142eczno\u015bciowych przez m\u0142ode osoby ze \u015brodowisk zagro\u017conych wykluczeniem, powsta\u0142o kilkadziesi\u0105 audycji, a projekt zosta\u0142 nominowany do Warszawskiej Nagrody Kulturalnej<br><em>Film dokumentalny &#8222;Otw\u00f3rz oczy&#8221;<\/em> &#8211; w kt\u00f3rym pokazane zosta\u0142o \u015brodowisko os\u00f3b z niepe\u0142nosprawno\u015bci\u0105 intelektualn\u0105 w trakcie pandemii. Emisja audycji odby\u0142a si\u0119 na antenie TVP-2 oraz mediach spo\u0142eczno\u015bciowych.<br><em>Wywiady Natalii<\/em> &#8211; to cykl audycji realizowanych na \u017cywo, gdzie prowadz\u0105c\u0105 jest Natalia Suchcicka, pierwsza osoba z zespo\u0142em Downa, kt\u00f3ra prowadzi sw\u00f3j w\u0142asny talk-show.<\/p>\n\n\n\n<p>Od 2018 roku pracuje r\u00f3wnie\u017c w Bibliotece Publicznej m.st. Warszawy w Dzielnicy Bielany gdzie zajmuje si\u0119 promocj\u0105 oraz tworzy zesp\u00f3\u0142 programowy plac\u00f3wki.<\/p>\n","protected":false},"excerpt":{"rendered":"<p>Re\u017cyser i producent telewizyjny, tw\u00f3rca ponad 100 program\u00f3w, widowisk i film\u00f3w telewizyjnych. Nominowany do nagr\u00f3d na festiwalach telewizyjnych Rose d&#8217;Or we Francji i BANFF w Kanadzie oraz Grand Prix VII, Festiwalu Dobrego Humoru za program &#8222;Co tu jest grane?&#8221; z udzia\u0142em Waldemara Malickiego. Re\u017cyser koncert\u00f3w na Festiwalu Piosenki Polskiej w Opolu oraz Mi\u0119dzynarodowym Festiwalu Piosenki [&hellip;]<\/p>\n","protected":false},"author":1,"featured_media":0,"parent":13,"menu_order":3,"comment_status":"closed","ping_status":"closed","template":"","meta":{"footnotes":""},"class_list":["post-20","page","type-page","status-publish","hentry"],"_links":{"self":[{"href":"https:\/\/podwojneskrzydla.org\/index.php\/wp-json\/wp\/v2\/pages\/20","targetHints":{"allow":["GET"]}}],"collection":[{"href":"https:\/\/podwojneskrzydla.org\/index.php\/wp-json\/wp\/v2\/pages"}],"about":[{"href":"https:\/\/podwojneskrzydla.org\/index.php\/wp-json\/wp\/v2\/types\/page"}],"author":[{"embeddable":true,"href":"https:\/\/podwojneskrzydla.org\/index.php\/wp-json\/wp\/v2\/users\/1"}],"replies":[{"embeddable":true,"href":"https:\/\/podwojneskrzydla.org\/index.php\/wp-json\/wp\/v2\/comments?post=20"}],"version-history":[{"count":2,"href":"https:\/\/podwojneskrzydla.org\/index.php\/wp-json\/wp\/v2\/pages\/20\/revisions"}],"predecessor-version":[{"id":85,"href":"https:\/\/podwojneskrzydla.org\/index.php\/wp-json\/wp\/v2\/pages\/20\/revisions\/85"}],"up":[{"embeddable":true,"href":"https:\/\/podwojneskrzydla.org\/index.php\/wp-json\/wp\/v2\/pages\/13"}],"wp:attachment":[{"href":"https:\/\/podwojneskrzydla.org\/index.php\/wp-json\/wp\/v2\/media?parent=20"}],"curies":[{"name":"wp","href":"https:\/\/api.w.org\/{rel}","templated":true}]}}

Paweł Zeitz

<p>Reżyser i producent telewizyjny, twórca ponad 100 programów, widowisk i filmów telewizyjnych. </p>



<p>Nominowany do nagród na festiwalach telewizyjnych <em>Rose d&#8217;Or we Francji</em> i <em>BANFF w Kanadzie</em> oraz <em>Grand Prix VII, Festiwalu Dobrego Humoru</em> za program &#8222;<em>Co tu jest grane?</em>&#8221; z udziałem Waldemara Malickiego.</p>



<p>Reżyser koncertów na <em>Festiwalu Piosenki Polskiej w Opolu</em> oraz <em>Międzynarodowym Festiwalu Piosenki w Sopocie</em>. </p>



<p>Wśród kilkudziesięciu zrealizowanych form telewizyjnych dla TVP oraz POLSAT można wyróżnić: &#8222;<em>Co tu jest grane</em>&#8222;, &#8222;<em>Kwadrat</em>&#8222;, &#8222;<em>Kontrowersje</em>&#8222;, &#8222;<em>Koncert Pamięci Czesława Niemena</em>&#8222;, &#8222;<em>Piosenki Zjednoczonej Europy</em>&#8222;, &#8222;<em>Ślubna Gorączka</em>&#8222;, &#8222;<em>Mecz gwiazd</em>&#8222;, &#8222;<em>Randka w ciemno</em>&#8222;, &#8222;<em>Otwórz oczy</em>&#8222;.</p>



<p>W ostatnich latach realizował projekty społeczne i edukacyjne m.in.<br><em>Bielańska Telewizja Młodych</em> &#8211; w ramach której odbył się cykl szkoleń z zakresu wykorzystania mediów społecznościowych przez młode osoby ze środowisk zagrożonych wykluczeniem, powstało kilkadziesią audycji, a projekt został nominowany do Warszawskiej Nagrody Kulturalnej<br><em>Film dokumentalny &#8222;Otwórz oczy&#8221;</em> &#8211; w którym pokazane zostało środowisko osób z niepełnosprawnością intelektualną w trakcie pandemii. Emisja audycji odbyła się na antenie TVP-2 oraz mediach społecznościowych.<br><em>Wywiady Natalii</em> &#8211; to cykl audycji realizowanych na żywo, gdzie prowadzącą jest Natalia Suchcicka, pierwsza osoba z zespołem Downa, która prowadzi swój własny talk-show.</p>



<p>Od 2018 roku pracuje również w Bibliotece Publicznej m.st. Warszawy w Dzielnicy Bielany gdzie zajmuje się promocją oraz tworzy zespół programowy placówki.</p>

<p>Reżyser i producent telewizyjny, twórca ponad 100 programów, widowisk i filmów telewizyjnych. Nominowany do nagród na festiwalach telewizyjnych Rose d&#8217;Or we Francji i BANFF w Kanadzie oraz Grand Prix VII, Festiwalu Dobrego Humoru za program &#8222;Co tu jest grane?&#8221; z udziałem Waldemara Malickiego. Reżyser koncertów na Festiwalu Piosenki Polskiej w Opolu oraz Międzynarodowym Festiwalu Piosenki [&hellip;]</p>
