{"id":59,"date":"2023-03-06T10:31:31","date_gmt":"2023-03-06T10:31:31","guid":{"rendered":"https:\/\/podwojneskrzydla.org\/?page_id=59"},"modified":"2023-03-06T10:31:31","modified_gmt":"2023-03-06T10:31:31","slug":"nowe-zycie","status":"publish","type":"page","link":"https:\/\/podwojneskrzydla.org\/index.php\/nasze-projekty\/nowe-zycie\/","title":{"rendered":"Nowe \u017bycie"},"content":{"rendered":"\n<p>W przestrzeni Ksiuty W \u015arodku realizujemy dzia\u0142ania, kt\u00f3re daj\u0105 nowe \u017cycie rzeczom, kt\u00f3rych przestali\u015bmy u\u017cywa\u0107.<\/p>\n\n\n\n<p>Raz w miesi\u0105cu organizujemy Ksiutowisko czyli Wymiank\u0119 Ciuch\u00f3w, gdzie ka\u017cdy mo\u017ce przynie\u015b\u0107 torb\u0119 swoich najpi\u0119kniejszych ubra\u0144, kt\u00f3rych z jakiego\u015b powodu ju\u017c nie nosi i &#8230; zabra\u0107 do domu takie, kt\u00f3re b\u0119d\u0105 u\u017cyteczne.<\/p>\n\n\n\n<p>Aby nada\u0107 wybranym cz\u0119\u015bci\u0105 garderoby Nowe \u017bycie cyklicznie odbywaj\u0105 si\u0119 na Ksiutach warsztaty z ozdabiania i przerabiania ubra\u0144. Poprzez personalizacj\u0119 u\u017cywanych rzeczy nadajemy im nowy kszta\u0142t i piszemy jego histori\u0119.<\/p>\n\n\n\n<p>Wsp\u00f3\u0142pracujemy z artystami oraz organizacjami zajmuj\u0105cymi si\u0119 popularyzacj\u0105 idei less waste. Organizujemy eventy oraz akcje pokazuj\u0105ce mo\u017cliwo\u015bci ponownego wykorzystania nie tylko ubra\u0144. <\/p>\n","protected":false},"excerpt":{"rendered":"<p>W przestrzeni Ksiuty W \u015arodku realizujemy dzia\u0142ania, kt\u00f3re daj\u0105 nowe \u017cycie rzeczom, kt\u00f3rych przestali\u015bmy u\u017cywa\u0107. Raz w miesi\u0105cu organizujemy Ksiutowisko czyli Wymiank\u0119 Ciuch\u00f3w, gdzie ka\u017cdy mo\u017ce przynie\u015b\u0107 torb\u0119 swoich najpi\u0119kniejszych ubra\u0144, kt\u00f3rych z jakiego\u015b powodu ju\u017c nie nosi i &#8230; zabra\u0107 do domu takie, kt\u00f3re b\u0119d\u0105 u\u017cyteczne. Aby nada\u0107 wybranym cz\u0119\u015bci\u0105 garderoby Nowe \u017bycie cyklicznie [&hellip;]<\/p>\n","protected":false},"author":1,"featured_media":0,"parent":42,"menu_order":4,"comment_status":"closed","ping_status":"closed","template":"","meta":{"footnotes":""},"class_list":["post-59","page","type-page","status-publish","hentry"],"_links":{"self":[{"href":"https:\/\/podwojneskrzydla.org\/index.php\/wp-json\/wp\/v2\/pages\/59","targetHints":{"allow":["GET"]}}],"collection":[{"href":"https:\/\/podwojneskrzydla.org\/index.php\/wp-json\/wp\/v2\/pages"}],"about":[{"href":"https:\/\/podwojneskrzydla.org\/index.php\/wp-json\/wp\/v2\/types\/page"}],"author":[{"embeddable":true,"href":"https:\/\/podwojneskrzydla.org\/index.php\/wp-json\/wp\/v2\/users\/1"}],"replies":[{"embeddable":true,"href":"https:\/\/podwojneskrzydla.org\/index.php\/wp-json\/wp\/v2\/comments?post=59"}],"version-history":[{"count":1,"href":"https:\/\/podwojneskrzydla.org\/index.php\/wp-json\/wp\/v2\/pages\/59\/revisions"}],"predecessor-version":[{"id":60,"href":"https:\/\/podwojneskrzydla.org\/index.php\/wp-json\/wp\/v2\/pages\/59\/revisions\/60"}],"up":[{"embeddable":true,"href":"https:\/\/podwojneskrzydla.org\/index.php\/wp-json\/wp\/v2\/pages\/42"}],"wp:attachment":[{"href":"https:\/\/podwojneskrzydla.org\/index.php\/wp-json\/wp\/v2\/media?parent=59"}],"curies":[{"name":"wp","href":"https:\/\/api.w.org\/{rel}","templated":true}]}}

Nowe Życie

<p>W przestrzeni Ksiuty W Środku realizujemy działania, które dają nowe życie rzeczom, których przestaliśmy używać.</p>



<p>Raz w miesiącu organizujemy Ksiutowisko czyli Wymiankę Ciuchów, gdzie każdy może przynieść torbę swoich najpiękniejszych ubrań, których z jakiegoś powodu już nie nosi i &#8230; zabrać do domu takie, które będą użyteczne.</p>



<p>Aby nadać wybranym częścią garderoby Nowe Życie cyklicznie odbywają się na Ksiutach warsztaty z ozdabiania i przerabiania ubrań. Poprzez personalizację używanych rzeczy nadajemy im nowy kształt i piszemy jego historię.</p>



<p>Współpracujemy z artystami oraz organizacjami zajmującymi się popularyzacją idei less waste. Organizujemy eventy oraz akcje pokazujące możliwości ponownego wykorzystania nie tylko ubrań. </p>

<p>W przestrzeni Ksiuty W Środku realizujemy działania, które dają nowe życie rzeczom, których przestaliśmy używać. Raz w miesiącu organizujemy Ksiutowisko czyli Wymiankę Ciuchów, gdzie każdy może przynieść torbę swoich najpiękniejszych ubrań, których z jakiegoś powodu już nie nosi i &#8230; zabrać do domu takie, które będą użyteczne. Aby nadać wybranym częścią garderoby Nowe Życie cyklicznie [&hellip;]</p>
