{"id":62,"date":"2023-03-06T10:36:28","date_gmt":"2023-03-06T10:36:28","guid":{"rendered":"https:\/\/podwojneskrzydla.org\/?page_id=62"},"modified":"2023-03-06T10:36:28","modified_gmt":"2023-03-06T10:36:28","slug":"ksiutowisko","status":"publish","type":"page","link":"https:\/\/podwojneskrzydla.org\/index.php\/nasze-projekty\/ksiutowisko\/","title":{"rendered":"Ksiutowisko"},"content":{"rendered":"\n<p>Przerwa w chomikowaniu!!!!<br>Wy te\u017c tak macie, \u017ce szkoda wam wyrzuca\u0107, bo \u0142adne, wyj\u0105tkowe.<br>Kiedy kto\u015b wypatrzy wasz nieu\u017cywany ju\u017c od d\u0142ugiego czasu ciuch i zobaczycie u\u015bmiech na twarzy i iskierki, a mo\u017ce i \u0142zy szcz\u0119\u015bcia w oczach, wtedy nie b\u0119dzie powodu, aby ten ciuch dalej trzyma\u0107 niepotrzebny w szafie.<br>Robimy na Ksiutach wymiank\u0119 ciuch\u00f3w, dodatk\u00f3w, butow.<br>Zaprosimy znajomych.<br>Ka\u017cdy mo\u017ce przynie\u015b\u0107 ciuchy, kt\u00f3re zalegaj\u0105 i ka\u017cdy mo\u017ce wzi\u0105\u0107 co tam z tego dla Siebie znajdzie.<br>A napewno b\u0119d\u0105 pere\u0142ki vintage.<br>I fajnie si\u0119 te\u017c b\u0119dzie spotka\u0107\u00a0<img loading=\"lazy\" decoding=\"async\" height=\"16\" width=\"16\" src=\"https:\/\/static.xx.fbcdn.net\/images\/emoji.php\/v9\/te8\/2\/16\/1faf6.png\" alt=\"\ud83e\udef6\"><img loading=\"lazy\" decoding=\"async\" height=\"16\" width=\"16\" src=\"https:\/\/static.xx.fbcdn.net\/images\/emoji.php\/v9\/t1b\/2\/16\/1f9da_200d_2640.png\" alt=\"\ud83e\uddda\u200d\u2640\ufe0f\"><\/p>\n\n\n\n<p>Najbli\u017csza Wymianka Ciuch\u00f3w &#8211; 19.03.2023 (niedziela) w g. 15-18<\/p>\n","protected":false},"excerpt":{"rendered":"<p>Przerwa w chomikowaniu!!!!Wy te\u017c tak macie, \u017ce szkoda wam wyrzuca\u0107, bo \u0142adne, wyj\u0105tkowe.Kiedy kto\u015b wypatrzy wasz nieu\u017cywany ju\u017c od d\u0142ugiego czasu ciuch i zobaczycie u\u015bmiech na twarzy i iskierki, a mo\u017ce i \u0142zy szcz\u0119\u015bcia w oczach, wtedy nie b\u0119dzie powodu, aby ten ciuch dalej trzyma\u0107 niepotrzebny w szafie.Robimy na Ksiutach wymiank\u0119 ciuch\u00f3w, dodatk\u00f3w, butow.Zaprosimy znajomych.Ka\u017cdy [&hellip;]<\/p>\n","protected":false},"author":1,"featured_media":0,"parent":42,"menu_order":5,"comment_status":"closed","ping_status":"closed","template":"","meta":{"footnotes":""},"class_list":["post-62","page","type-page","status-publish","hentry"],"_links":{"self":[{"href":"https:\/\/podwojneskrzydla.org\/index.php\/wp-json\/wp\/v2\/pages\/62","targetHints":{"allow":["GET"]}}],"collection":[{"href":"https:\/\/podwojneskrzydla.org\/index.php\/wp-json\/wp\/v2\/pages"}],"about":[{"href":"https:\/\/podwojneskrzydla.org\/index.php\/wp-json\/wp\/v2\/types\/page"}],"author":[{"embeddable":true,"href":"https:\/\/podwojneskrzydla.org\/index.php\/wp-json\/wp\/v2\/users\/1"}],"replies":[{"embeddable":true,"href":"https:\/\/podwojneskrzydla.org\/index.php\/wp-json\/wp\/v2\/comments?post=62"}],"version-history":[{"count":1,"href":"https:\/\/podwojneskrzydla.org\/index.php\/wp-json\/wp\/v2\/pages\/62\/revisions"}],"predecessor-version":[{"id":63,"href":"https:\/\/podwojneskrzydla.org\/index.php\/wp-json\/wp\/v2\/pages\/62\/revisions\/63"}],"up":[{"embeddable":true,"href":"https:\/\/podwojneskrzydla.org\/index.php\/wp-json\/wp\/v2\/pages\/42"}],"wp:attachment":[{"href":"https:\/\/podwojneskrzydla.org\/index.php\/wp-json\/wp\/v2\/media?parent=62"}],"curies":[{"name":"wp","href":"https:\/\/api.w.org\/{rel}","templated":true}]}}