{"id":70,"date":"2023-06-10T20:54:28","date_gmt":"2023-06-10T20:54:28","guid":{"rendered":"https:\/\/podwojneskrzydla.org\/?page_id=70"},"modified":"2023-08-19T12:09:48","modified_gmt":"2023-08-19T12:09:48","slug":"praskie-ksiuty","status":"publish","type":"page","link":"https:\/\/podwojneskrzydla.org\/index.php\/nasze-projekty\/praskie-ksiuty\/","title":{"rendered":"Zapraszamy na Praskie Ksiuty"},"content":{"rendered":"\n<figure class=\"wp-block-image size-large\"><img loading=\"lazy\" decoding=\"async\" width=\"1024\" height=\"1024\" src=\"https:\/\/podwojneskrzydla.org\/wp-content\/uploads\/2023\/06\/Praskie_Ksiuty_BANER-kwadrat-1024x1024.jpg\" alt=\"\" class=\"wp-image-71\" srcset=\"https:\/\/podwojneskrzydla.org\/wp-content\/uploads\/2023\/06\/Praskie_Ksiuty_BANER-kwadrat-1024x1024.jpg 1024w, https:\/\/podwojneskrzydla.org\/wp-content\/uploads\/2023\/06\/Praskie_Ksiuty_BANER-kwadrat-300x300.jpg 300w, https:\/\/podwojneskrzydla.org\/wp-content\/uploads\/2023\/06\/Praskie_Ksiuty_BANER-kwadrat-150x150.jpg 150w, https:\/\/podwojneskrzydla.org\/wp-content\/uploads\/2023\/06\/Praskie_Ksiuty_BANER-kwadrat-768x768.jpg 768w, https:\/\/podwojneskrzydla.org\/wp-content\/uploads\/2023\/06\/Praskie_Ksiuty_BANER-kwadrat-1536x1536.jpg 1536w, https:\/\/podwojneskrzydla.org\/wp-content\/uploads\/2023\/06\/Praskie_Ksiuty_BANER-kwadrat-2048x2048.jpg 2048w\" sizes=\"auto, (max-width: 1024px) 100vw, 1024px\" \/><\/figure>\n\n\n\n<p>Zapraszamy na Pierwsze Praskie Ksiuty. <br>W trakcie \u015awi\u0119ta Ulicy Stalowej 17 i 18 czerwca <br>zapraszamy na moc atrakcji, kt\u00f3re dla Was przygotowali\u015bmy. <\/p>\n\n\n\n<p>Po pierwsze zapraszamy do nas na Ksiuty, <br>gdzie zobaczycie jak inspiruje nas Praga. <br>Po drugie b\u0119dziemy przed scen\u0105 na ul. Stalowej, <br>gdzie czeka na Was masa atrakcji. <\/p>\n\n\n\n<p class=\"has-vivid-red-color has-text-color has-medium-font-size\"><strong><strong>SOBOTA<\/strong><\/strong><\/p>\n\n\n\n<p class=\"has-vivid-red-color has-text-color has-medium-font-size\">Galeria Ksiuty w \u015arodku &#8211; \u015arodkowa 14 <\/p>\n\n\n\n<p>13-16 Magiczny \u015awiat Galerii <br>&#8211; usi\u0105d\u017a rozgo\u015b\u0107 si\u0119, obejrzyj kolekcje inspirowan\u0105 praskimi Kapliczkami<br>18-20 Spotkanie s\u0105siedzkie + STAND UP! <\/p>\n\n\n\n<p class=\"has-vivid-red-color has-text-color\">Warszawski Dom Piernika ul.Stalowa 28<\/p>\n\n\n\n<p>12 &#8211; Warsztaty Piernikowe<br>14 &#8211; Warsztaty Piernikowe <\/p>\n\n\n\n<p class=\"has-vivid-red-color has-text-color\">Namiot na Ulicy Stalowej &#8211; Warsztaty<\/p>\n\n\n\n<p>12-16 Ksiutowe malowanki na tkaninie z Joannajaquarte<br>12-14 Street Art &#8211; Stacja Praga<br>14-16 Stowarzyszenie Gwara Warszawska <\/p>\n\n\n\n<p class=\"has-vivid-red-color has-text-color\">Scena na Stalowej <\/p>\n\n\n\n<p>16 &#8211; Koncert zespo\u0142u Cukier <\/p>\n\n\n\n<p class=\"has-vivid-red-color has-text-color\" style=\"font-size:20px\"><strong>NIEDZIELA<\/strong> <\/p>\n\n\n\n<p class=\"has-vivid-red-color has-text-color\">Galeria Ksiuty w \u015arodku &#8211; \u015arodkowa 14<\/p>\n\n\n\n<p>13 &#8211; Kapliczki Stalowej i okolic &#8211; spacer z przewodnikiem<\/p>\n\n\n\n<p class=\"has-vivid-red-color has-text-color\">Kamienica &#8211; Stalowa 36 <\/p>\n\n\n\n<p class=\"has-medium-font-size\">12 &#8211; Koncert Balkonowy <br>Katarzyna Gierla &#8211; sopran oraz Ilya Maximov &#8211; pianino<\/p>\n\n\n\n<p class=\"has-vivid-red-color has-text-color\">Namiot na Ulicy Stalowej &#8211; Warsztaty <\/p>\n\n\n\n<p>12 -16 Ksiutowe malowanki na tkaninie z Joannajaquarte<\/p>\n\n\n\n<p class=\"has-vivid-red-color has-text-color\"><strong>NOWY BAZAR R\u00d3ZYCKIEGO na KSIUTACH<\/strong><\/p>\n\n\n\n<p>12-16 Najlepsze pere\u0142ki vintage, nie tylko w Warszawie <br>14-15 POKAZ MODY VINTAGE<\/p>\n\n\n\n<p>Udzia\u0142 w wydarzeniu bezp\u0142atny <br>Zaj\u0119cia warsztatowe &#8211; zapisy <br>Wi\u0119cej informacji oraz zapisy: <a href=\"mailto:ksiutywsrodku@gmail.com\">ksiutywsrodku@gmail.com <\/a><\/p>\n\n\n\n<p class=\"has-text-align-left\">ZADANIE &#8222;PRASKIE KSIUTY&#8221; Wsp\u00f3\u0142finansowane ze \u015brodk\u00f3w Samorz\u0105du Wojew\u00f3dztwa Mazowieckiego<\/p>\n\n\n\n<figure class=\"wp-block-image size-medium\"><img loading=\"lazy\" decoding=\"async\" width=\"300\" height=\"92\" src=\"https:\/\/podwojneskrzydla.org\/wp-content\/uploads\/2023\/06\/logo_25lat_mazowsze_poziom-300x92.jpeg\" alt=\"\" class=\"wp-image-82\" srcset=\"https:\/\/podwojneskrzydla.org\/wp-content\/uploads\/2023\/06\/logo_25lat_mazowsze_poziom-300x92.jpeg 300w, https:\/\/podwojneskrzydla.org\/wp-content\/uploads\/2023\/06\/logo_25lat_mazowsze_poziom-1024x314.jpeg 1024w, https:\/\/podwojneskrzydla.org\/wp-content\/uploads\/2023\/06\/logo_25lat_mazowsze_poziom-768x235.jpeg 768w, https:\/\/podwojneskrzydla.org\/wp-content\/uploads\/2023\/06\/logo_25lat_mazowsze_poziom-1536x470.jpeg 1536w, https:\/\/podwojneskrzydla.org\/wp-content\/uploads\/2023\/06\/logo_25lat_mazowsze_poziom.jpeg 2048w\" sizes=\"auto, (max-width: 300px) 100vw, 300px\" \/><\/figure>\n","protected":false},"excerpt":{"rendered":"<p>Zapraszamy na Pierwsze Praskie Ksiuty. W trakcie \u015awi\u0119ta Ulicy Stalowej 17 i 18 czerwca zapraszamy na moc atrakcji, kt\u00f3re dla Was przygotowali\u015bmy. Po pierwsze zapraszamy do nas na Ksiuty, gdzie zobaczycie jak inspiruje nas Praga. Po drugie b\u0119dziemy przed scen\u0105 na ul. Stalowej, gdzie czeka na Was masa atrakcji. SOBOTA Galeria Ksiuty w \u015arodku &#8211; [&hellip;]<\/p>\n","protected":false},"author":1,"featured_media":0,"parent":42,"menu_order":0,"comment_status":"closed","ping_status":"closed","template":"","meta":{"footnotes":""},"class_list":["post-70","page","type-page","status-publish","hentry"],"_links":{"self":[{"href":"https:\/\/podwojneskrzydla.org\/index.php\/wp-json\/wp\/v2\/pages\/70","targetHints":{"allow":["GET"]}}],"collection":[{"href":"https:\/\/podwojneskrzydla.org\/index.php\/wp-json\/wp\/v2\/pages"}],"about":[{"href":"https:\/\/podwojneskrzydla.org\/index.php\/wp-json\/wp\/v2\/types\/page"}],"author":[{"embeddable":true,"href":"https:\/\/podwojneskrzydla.org\/index.php\/wp-json\/wp\/v2\/users\/1"}],"replies":[{"embeddable":true,"href":"https:\/\/podwojneskrzydla.org\/index.php\/wp-json\/wp\/v2\/comments?post=70"}],"version-history":[{"count":3,"href":"https:\/\/podwojneskrzydla.org\/index.php\/wp-json\/wp\/v2\/pages\/70\/revisions"}],"predecessor-version":[{"id":84,"href":"https:\/\/podwojneskrzydla.org\/index.php\/wp-json\/wp\/v2\/pages\/70\/revisions\/84"}],"up":[{"embeddable":true,"href":"https:\/\/podwojneskrzydla.org\/index.php\/wp-json\/wp\/v2\/pages\/42"}],"wp:attachment":[{"href":"https:\/\/podwojneskrzydla.org\/index.php\/wp-json\/wp\/v2\/media?parent=70"}],"curies":[{"name":"wp","href":"https:\/\/api.w.org\/{rel}","templated":true}]}}

<figure class="wp-block-image size-large"><img loading="lazy" decoding="async" width="1024" height="1024" src="https://podwojneskrzydla.org/wp-content/uploads/2023/06/Praskie_Ksiuty_BANER-kwadrat-1024x1024.jpg" alt="" class="wp-image-71" srcset="https://podwojneskrzydla.org/wp-content/uploads/2023/06/Praskie_Ksiuty_BANER-kwadrat-1024x1024.jpg 1024w, https://podwojneskrzydla.org/wp-content/uploads/2023/06/Praskie_Ksiuty_BANER-kwadrat-300x300.jpg 300w, https://podwojneskrzydla.org/wp-content/uploads/2023/06/Praskie_Ksiuty_BANER-kwadrat-150x150.jpg 150w, https://podwojneskrzydla.org/wp-content/uploads/2023/06/Praskie_Ksiuty_BANER-kwadrat-768x768.jpg 768w, https://podwojneskrzydla.org/wp-content/uploads/2023/06/Praskie_Ksiuty_BANER-kwadrat-1536x1536.jpg 1536w, https://podwojneskrzydla.org/wp-content/uploads/2023/06/Praskie_Ksiuty_BANER-kwadrat-2048x2048.jpg 2048w" sizes="auto, (max-width: 1024px) 100vw, 1024px" /></figure>



<p>Zapraszamy na Pierwsze Praskie Ksiuty. <br>W trakcie Święta Ulicy Stalowej 17 i 18 czerwca <br>zapraszamy na moc atrakcji, które dla Was przygotowaliśmy. </p>



<p>Po pierwsze zapraszamy do nas na Ksiuty, <br>gdzie zobaczycie jak inspiruje nas Praga. <br>Po drugie będziemy przed sceną na ul. Stalowej, <br>gdzie czeka na Was masa atrakcji. </p>



<p class="has-vivid-red-color has-text-color has-medium-font-size"><strong><strong>SOBOTA</strong></strong></p>



<p class="has-vivid-red-color has-text-color has-medium-font-size">Galeria Ksiuty w Środku &#8211; Środkowa 14 </p>



<p>13-16 Magiczny Świat Galerii <br>&#8211; usiądź rozgość się, obejrzyj kolekcje inspirowaną praskimi Kapliczkami<br>18-20 Spotkanie sąsiedzkie + STAND UP! </p>



<p class="has-vivid-red-color has-text-color">Warszawski Dom Piernika ul.Stalowa 28</p>



<p>12 &#8211; Warsztaty Piernikowe<br>14 &#8211; Warsztaty Piernikowe </p>



<p class="has-vivid-red-color has-text-color">Namiot na Ulicy Stalowej &#8211; Warsztaty</p>



<p>12-16 Ksiutowe malowanki na tkaninie z Joannajaquarte<br>12-14 Street Art &#8211; Stacja Praga<br>14-16 Stowarzyszenie Gwara Warszawska </p>



<p class="has-vivid-red-color has-text-color">Scena na Stalowej </p>



<p>16 &#8211; Koncert zespołu Cukier </p>



<p class="has-vivid-red-color has-text-color" style="font-size:20px"><strong>NIEDZIELA</strong> </p>



<p class="has-vivid-red-color has-text-color">Galeria Ksiuty w Środku &#8211; Środkowa 14</p>



<p>13 &#8211; Kapliczki Stalowej i okolic &#8211; spacer z przewodnikiem</p>



<p class="has-vivid-red-color has-text-color">Kamienica &#8211; Stalowa 36 </p>



<p class="has-medium-font-size">12 &#8211; Koncert Balkonowy <br>Katarzyna Gierla &#8211; sopran oraz Ilya Maximov &#8211; pianino</p>



<p class="has-vivid-red-color has-text-color">Namiot na Ulicy Stalowej &#8211; Warsztaty </p>



<p>12 -16 Ksiutowe malowanki na tkaninie z Joannajaquarte</p>



<p class="has-vivid-red-color has-text-color"><strong>NOWY BAZAR RÓZYCKIEGO na KSIUTACH</strong></p>



<p>12-16 Najlepsze perełki vintage, nie tylko w Warszawie <br>14-15 POKAZ MODY VINTAGE</p>



<p>Udział w wydarzeniu bezpłatny <br>Zajęcia warsztatowe &#8211; zapisy <br>Więcej informacji oraz zapisy: <a href="mailto:ksiutywsrodku@gmail.com">ksiutywsrodku@gmail.com </a></p>



<p class="has-text-align-left">ZADANIE &#8222;PRASKIE KSIUTY&#8221; Współfinansowane ze środków Samorządu Województwa Mazowieckiego</p>



<figure class="wp-block-image size-medium"><img loading="lazy" decoding="async" width="300" height="92" src="https://podwojneskrzydla.org/wp-content/uploads/2023/06/logo_25lat_mazowsze_poziom-300x92.jpeg" alt="" class="wp-image-82" srcset="https://podwojneskrzydla.org/wp-content/uploads/2023/06/logo_25lat_mazowsze_poziom-300x92.jpeg 300w, https://podwojneskrzydla.org/wp-content/uploads/2023/06/logo_25lat_mazowsze_poziom-1024x314.jpeg 1024w, https://podwojneskrzydla.org/wp-content/uploads/2023/06/logo_25lat_mazowsze_poziom-768x235.jpeg 768w, https://podwojneskrzydla.org/wp-content/uploads/2023/06/logo_25lat_mazowsze_poziom-1536x470.jpeg 1536w, https://podwojneskrzydla.org/wp-content/uploads/2023/06/logo_25lat_mazowsze_poziom.jpeg 2048w" sizes="auto, (max-width: 300px) 100vw, 300px" /></figure>

<p>Zapraszamy na Pierwsze Praskie Ksiuty. W trakcie Święta Ulicy Stalowej 17 i 18 czerwca zapraszamy na moc atrakcji, które dla Was przygotowaliśmy. Po pierwsze zapraszamy do nas na Ksiuty, gdzie zobaczycie jak inspiruje nas Praga. Po drugie będziemy przed sceną na ul. Stalowej, gdzie czeka na Was masa atrakcji. SOBOTA Galeria Ksiuty w Środku &#8211; [&hellip;]</p>
