{"id":9,"date":"2022-12-22T12:11:01","date_gmt":"2022-12-22T12:11:01","guid":{"rendered":"https:\/\/podwojneskrzydla.org\/?page_id=9"},"modified":"2022-12-22T12:55:21","modified_gmt":"2022-12-22T12:55:21","slug":"witajcie","status":"publish","type":"page","link":"https:\/\/podwojneskrzydla.org\/index.php\/o-nas\/witajcie\/","title":{"rendered":"Historia"},"content":{"rendered":"\n<p class=\"has-text-align-left\">Od wielu miesi\u0119cy realizowali\u015bmy potrzeb\u0119 wsp\u00f3lnego dzia\u0142ania <br>na r\u00f3\u017cnych p\u0142aszczyznach naszego codziennego \u017cycia. <br>Dzia\u0142ali\u015bmy na rzecz integracji lokalnych spo\u0142eczno\u015bci, <br>propagowali\u015bmy wsp\u00f3\u0142prac\u0119, oddolne dzia\u0142ania i aktywno\u015bci. <br>Starali\u015bmy si\u0119 edukowa\u0107 i pokazywa\u0107 wzroce <br>warte promowania oraz na\u015bladowania.<\/p>\n\n\n\n<p class=\"has-text-align-left\">Jeszcze przed pandemi\u0105 powsta\u0142a idea pokazywania talent\u00f3w<br>doros\u0142ych os\u00f3b z niepe\u0142nosprano\u015bci\u0105 intelektualn\u0105.<br>Talent\u00f3w artystycznych, ale tak\u017ce takich, kt\u00f3re mog\u0105 by\u0107 u\u017cyteczne<br>w wybranych dziedzinach \u017cycia zawodowego.<\/p>\n\n\n\n<p class=\"has-text-align-left\">Edukujemy r\u00f3wnie\u017c m\u0142odych ludzi jak u\u017cywa\u0107 nowoczesne media<br>do tworzenia warto\u015bciowych tre\u015bci i promowania pozytywnych wzorc\u00f3w.<br>Ucz\u0105c ich technik i metod pracy dziennikarskiej i telewizyjnej<br>dajemy im \u015brodki do realizacji ambitnych cel\u00f3w.<\/p>\n\n\n\n<p class=\"has-text-align-left\">Kultywujemy histori\u0119 miejsc w kt\u00f3rych si\u0119 urodzili\u015bmy i wychowali\u015bmy.<br>Na warszawskiej Pradze stworzylimy\u015bmy Miejsce Aktywno\u015bci Lokalnej <br>dla s\u0105siad\u00f3w z ulicy \u015arodkowej oraz artyst\u00f3w <br>inspiruj\u0105cych si\u0119 lokalnym dziedzictwem.<\/p>\n\n\n\n<p>W powsta\u0142ej Galerii obok obraz\u00f3w i figurek z wieloletni\u0105 histori\u0105<br>prezentujemy prac\u0119 Joanny Skibi\u0144skiej &#8211; artystki urodzonej Pradze P\u00f3\u0142noc<br>i inspiruj\u0105cej si\u0119 w ostatnich pracach kapliczkami z Maryjkami.<br>Na specjalnych wydarzeniach prezentujemy r\u00f3wnocze\u015bniej prace <br>os\u00f3b z niepe\u0142nosprawno\u015bciami intelektualnymi.<\/p>\n","protected":false},"excerpt":{"rendered":"<p>Od wielu miesi\u0119cy realizowali\u015bmy potrzeb\u0119 wsp\u00f3lnego dzia\u0142ania na r\u00f3\u017cnych p\u0142aszczyznach naszego codziennego \u017cycia. Dzia\u0142ali\u015bmy na rzecz integracji lokalnych spo\u0142eczno\u015bci, propagowali\u015bmy wsp\u00f3\u0142prac\u0119, oddolne dzia\u0142ania i aktywno\u015bci. Starali\u015bmy si\u0119 edukowa\u0107 i pokazywa\u0107 wzroce warte promowania oraz na\u015bladowania. Jeszcze przed pandemi\u0105 powsta\u0142a idea pokazywania talent\u00f3wdoros\u0142ych os\u00f3b z niepe\u0142nosprano\u015bci\u0105 intelektualn\u0105.Talent\u00f3w artystycznych, ale tak\u017ce takich, kt\u00f3re mog\u0105 by\u0107 u\u017cytecznew wybranych [&hellip;]<\/p>\n","protected":false},"author":1,"featured_media":0,"parent":13,"menu_order":1,"comment_status":"closed","ping_status":"closed","template":"","meta":{"footnotes":""},"class_list":["post-9","page","type-page","status-publish","hentry"],"_links":{"self":[{"href":"https:\/\/podwojneskrzydla.org\/index.php\/wp-json\/wp\/v2\/pages\/9","targetHints":{"allow":["GET"]}}],"collection":[{"href":"https:\/\/podwojneskrzydla.org\/index.php\/wp-json\/wp\/v2\/pages"}],"about":[{"href":"https:\/\/podwojneskrzydla.org\/index.php\/wp-json\/wp\/v2\/types\/page"}],"author":[{"embeddable":true,"href":"https:\/\/podwojneskrzydla.org\/index.php\/wp-json\/wp\/v2\/users\/1"}],"replies":[{"embeddable":true,"href":"https:\/\/podwojneskrzydla.org\/index.php\/wp-json\/wp\/v2\/comments?post=9"}],"version-history":[{"count":2,"href":"https:\/\/podwojneskrzydla.org\/index.php\/wp-json\/wp\/v2\/pages\/9\/revisions"}],"predecessor-version":[{"id":25,"href":"https:\/\/podwojneskrzydla.org\/index.php\/wp-json\/wp\/v2\/pages\/9\/revisions\/25"}],"up":[{"embeddable":true,"href":"https:\/\/podwojneskrzydla.org\/index.php\/wp-json\/wp\/v2\/pages\/13"}],"wp:attachment":[{"href":"https:\/\/podwojneskrzydla.org\/index.php\/wp-json\/wp\/v2\/media?parent=9"}],"curies":[{"name":"wp","href":"https:\/\/api.w.org\/{rel}","templated":true}]}}

<p class="has-text-align-left">Od wielu miesięcy realizowaliśmy potrzebę wspólnego działania <br>na różnych płaszczyznach naszego codziennego życia. <br>Działaliśmy na rzecz integracji lokalnych społeczności, <br>propagowaliśmy współpracę, oddolne działania i aktywności. <br>Staraliśmy się edukować i pokazywać wzroce <br>warte promowania oraz naśladowania.</p>



<p class="has-text-align-left">Jeszcze przed pandemią powstała idea pokazywania talentów<br>dorosłych osób z niepełnospranością intelektualną.<br>Talentów artystycznych, ale także takich, które mogą być użyteczne<br>w wybranych dziedzinach życia zawodowego.</p>



<p class="has-text-align-left">Edukujemy również młodych ludzi jak używać nowoczesne media<br>do tworzenia wartościowych treści i promowania pozytywnych wzorców.<br>Ucząc ich technik i metod pracy dziennikarskiej i telewizyjnej<br>dajemy im środki do realizacji ambitnych celów.</p>



<p class="has-text-align-left">Kultywujemy historię miejsc w których się urodziliśmy i wychowaliśmy.<br>Na warszawskiej Pradze stworzylimyśmy Miejsce Aktywności Lokalnej <br>dla sąsiadów z ulicy Środkowej oraz artystów <br>inspirujących się lokalnym dziedzictwem.</p>



<p>W powstałej Galerii obok obrazów i figurek z wieloletnią historią<br>prezentujemy pracę Joanny Skibińskiej &#8211; artystki urodzonej Pradze Północ<br>i inspirującej się w ostatnich pracach kapliczkami z Maryjkami.<br>Na specjalnych wydarzeniach prezentujemy równocześniej prace <br>osób z niepełnosprawnościami intelektualnymi.</p>

<p>Od wielu miesięcy realizowaliśmy potrzebę wspólnego działania na różnych płaszczyznach naszego codziennego życia. Działaliśmy na rzecz integracji lokalnych społeczności, propagowaliśmy współpracę, oddolne działania i aktywności. Staraliśmy się edukować i pokazywać wzroce warte promowania oraz naśladowania. Jeszcze przed pandemią powstała idea pokazywania talentówdorosłych osób z niepełnospranością intelektualną.Talentów artystycznych, ale także takich, które mogą być użytecznew wybranych [&hellip;]</p>
